{"id":1647,"date":"2021-01-01T08:53:50","date_gmt":"2021-01-01T07:53:50","guid":{"rendered":"http:\/\/sfecag.org\/?page_id=1647"},"modified":"2024-11-15T16:13:47","modified_gmt":"2024-11-15T15:13:47","slug":"sommaire-1986","status":"publish","type":"page","link":"https:\/\/sfecag.org\/index.php\/sommaire-1986\/","title":{"rendered":"Sommaire 1986"},"content":{"rendered":"<table style=\"width: 659px;\">\n<tbody>\n<tr>\n<td style=\"width: 643.167px;\"><span style=\"font-size: 20px;\"><a href=\"http:\/\/127.0.0.1\/wordpress\/wp-content\/uploads\/2020\/12\/couv1986.png\"><img loading=\"lazy\" decoding=\"async\" class=\"size-full wp-image-1586 alignleft\" src=\"http:\/\/sfecag.org\/wp-content\/uploads\/2020\/12\/couv1986.png\" alt=\"\" width=\"85\" height=\"121\" \/><\/a><\/span><\/p>\n<p><span style=\"font-size: 20px;\"><span style=\"color: #000000;\">\u00a0<strong>ACTES DU CONGR\u00c8S DE TOULOUSE, 1986<\/strong><\/span><\/span><\/p>\n<p>&nbsp;<\/p>\n<p style=\"text-align: justify;\"><span style=\"font-size: 16px;\"><strong>1. Les c\u00e9ramiques fines non sigill\u00e9es<\/strong><\/span><\/p>\n<div style=\"line-height: 20px; margin-bottom: 15px;\">\n<p><span style=\"font-size: 14px;\">&#8211; C. Laroche : La production de c\u00e9ramiques fines d&rsquo; Aoste (Is\u00e8re)<br \/>\n&#8211; <\/span><span style=\"font-size: 14px;\">H. Vertet : Recherches sur les gla\u00e7ures plombif\u00e8res fabriqu\u00e9es dans le centre de la Gaule<br \/>\n&#8211; A. Desbat : C\u00e9ramiques romaines \u00e0 gla\u00e7ure plombif\u00e8re de Lyon et de Vienne<br \/>\n&#8211; F. Laubenheimer : Les c\u00e9ramiques fines de Sall\u00e8les-d&rsquo;Aude (Aude)<br \/>\n&#8211; C. Grataloup : Les c\u00e9ramiques \u00e0 parois fines de la rue des Farges (Lyon)<br \/>\n&#8211; Z J.H. Fernandez, J.O. Granados : Produccion de paredes finas en <em>Ebusus<\/em> (Ibiza)<br \/>\n&#8211; A. Lopez Mullor : Producci\u00f3n e importaci\u00f3n de ceram\u00edcas de paredes finas en Catalu\u00f1a<br \/>\n&#8211; C. Puerta i Lopez : La producci\u00f3n de ceram\u00edca romana de paredes finas en la costa catalana, a traves de los hallazgos de <em>Baetulo<\/em> (Badalona)<br \/>\n&#8211; \u00c9l\u00e9ments pour une synth\u00e8se sur les parois fines<\/span><\/p>\n<\/div>\n<p style=\"text-align: justify;\"><span style=\"font-size: 16px;\"><strong>2. Actualit\u00e9 des recherches c\u00e9ramiques en Gaule<\/strong><\/span><\/p>\n<div style=\"line-height: 20px; margin-bottom: 15px;\">\n<p><span style=\"font-size: 14px;\">&#8211; C. Sireix : L&rsquo;officine de potiers du site gaulois de Lacoste \u00e0 Mouliets-et-Villemartin (Gironde)<br \/>\n&#8211; F.Moser, J.-L. Tilhard : Un nouveau centre de production de c\u00e9ramique sigill\u00e9e<br \/>\n&#8211; P. M\u00fcller, R. Chapoulie, M. Schvoerer : Typologie des p\u00e2tes c\u00e9ramiques: potentialit\u00e9s de la cathadoluminescence<br \/>\n&#8211; J. Lapart, Y. Rigoir, J. Rigoir : Les d\u00e9riv\u00e9es-des-sigill\u00e9es pal\u00e9ochr\u00e9tiennes d\u00e9cor\u00e9es du Gers<br \/>\n&#8211; C. Vernou : Les figurines gallo-romaines en terre cuite du Mus\u00e9e Arch\u00e9ologique de Saintes (Charente-Maritime)<br \/>\n&#8211; C. Lahanier, H. Vertet : \u00c9tude des figurines gallo-romaines en terre cuite blanche du centre de la Gaule<br \/>\n&#8211; J. Deneauve : Un groupe de moules africains en terre cuite et les \u00e9l\u00e9ments similaires d\u00e9couverts en Gaule<br \/>\n&#8211; B. Dangr\u00e9aux, J.-P.\u00a0 Jospin : La c\u00e9ramique allobroge du Mus\u00e9e Dauphinois de Grenoble (Is\u00e8re)<br \/>\n&#8211; G. Lintz : \u00c9tude de la c\u00e9ramique commune du Limousin, M\u00e9thodologie<br \/>\n&#8211; M. I. Fernandez Garcia : En torno a una forma decorada de sigillata hispanica de Andujar: la forma decorada hemisf\u00e9rica<br \/>\n&#8211; M. Roca Roumens : Vasos decoracion epigrafica en la produccion de terra sigillata hispanica de Los Villares de Andujar (Jaen)<\/span><\/p>\n<p><a href=\"http:\/\/sfecag.free.fr\/ACTES\/ACTES_1986.pdf\"><span style=\"font-size: 14px;\"><em>Disponible au t\u00e9l\u00e9chargement<\/em><\/span><\/a><\/p>\n<\/div>\n<\/td>\n<\/tr>\n<\/tbody>\n<\/table>\n<p>&nbsp;<\/p>\n","protected":false},"excerpt":{"rendered":"<p>\u00a0ACTES DU CONGR\u00c8S DE TOULOUSE, 1986 &nbsp; 1. Les c\u00e9ramiques fines non sigill\u00e9es &#8211; C. Laroche : La production de c\u00e9ramiques fines d&rsquo; Aoste (Is\u00e8re) &#8211; H. Vertet : Recherches sur les gla\u00e7ures plombif\u00e8res fabriqu\u00e9es dans le centre de la Gaule &#8211; A. Desbat : C\u00e9ramiques romaines \u00e0 gla\u00e7ure plombif\u00e8re de Lyon et de Vienne [&hellip;]<\/p>\n","protected":false},"author":1,"featured_media":0,"parent":0,"menu_order":0,"comment_status":"closed","ping_status":"closed","template":"","meta":{"footnotes":""},"class_list":["post-1647","page","type-page","status-publish","hentry"],"_links":{"self":[{"href":"https:\/\/sfecag.org\/index.php\/wp-json\/wp\/v2\/pages\/1647","targetHints":{"allow":["GET"]}}],"collection":[{"href":"https:\/\/sfecag.org\/index.php\/wp-json\/wp\/v2\/pages"}],"about":[{"href":"https:\/\/sfecag.org\/index.php\/wp-json\/wp\/v2\/types\/page"}],"author":[{"embeddable":true,"href":"https:\/\/sfecag.org\/index.php\/wp-json\/wp\/v2\/users\/1"}],"replies":[{"embeddable":true,"href":"https:\/\/sfecag.org\/index.php\/wp-json\/wp\/v2\/comments?post=1647"}],"version-history":[{"count":2,"href":"https:\/\/sfecag.org\/index.php\/wp-json\/wp\/v2\/pages\/1647\/revisions"}],"predecessor-version":[{"id":2896,"href":"https:\/\/sfecag.org\/index.php\/wp-json\/wp\/v2\/pages\/1647\/revisions\/2896"}],"wp:attachment":[{"href":"https:\/\/sfecag.org\/index.php\/wp-json\/wp\/v2\/media?parent=1647"}],"curies":[{"name":"wp","href":"https:\/\/api.w.org\/{rel}","templated":true}]}}

<table style="width: 659px;">
<tbody>
<tr>
<td style="width: 643.167px;"><span style="font-size: 20px;"><a href="http://127.0.0.1/wordpress/wp-content/uploads/2020/12/couv1986.png"><img loading="lazy" decoding="async" class="size-full wp-image-1586 alignleft" src="http://sfecag.org/wp-content/uploads/2020/12/couv1986.png" alt="" width="85" height="121" /></a></span></p>
<p><span style="font-size: 20px;"><span style="color: #000000;"> <strong>ACTES DU CONGRÈS DE TOULOUSE, 1986</strong></span></span></p>
<p>&nbsp;</p>
<p style="text-align: justify;"><span style="font-size: 16px;"><strong>1. Les céramiques fines non sigillées</strong></span></p>
<div style="line-height: 20px; margin-bottom: 15px;">
<p><span style="font-size: 14px;">&#8211; C. Laroche : La production de céramiques fines d&rsquo; Aoste (Isère)<br />
&#8211; </span><span style="font-size: 14px;">H. Vertet : Recherches sur les glaçures plombifères fabriquées dans le centre de la Gaule<br />
&#8211; A. Desbat : Céramiques romaines à glaçure plombifère de Lyon et de Vienne<br />
&#8211; F. Laubenheimer : Les céramiques fines de Sallèles-d&rsquo;Aude (Aude)<br />
&#8211; C. Grataloup : Les céramiques à parois fines de la rue des Farges (Lyon)<br />
&#8211; Z J.H. Fernandez, J.O. Granados : Produccion de paredes finas en <em>Ebusus</em> (Ibiza)<br />
&#8211; A. Lopez Mullor : Producción e importación de ceramícas de paredes finas en Cataluña<br />
&#8211; C. Puerta i Lopez : La producción de ceramíca romana de paredes finas en la costa catalana, a traves de los hallazgos de <em>Baetulo</em> (Badalona)<br />
&#8211; Éléments pour une synthèse sur les parois fines</span></p>
</div>
<p style="text-align: justify;"><span style="font-size: 16px;"><strong>2. Actualité des recherches céramiques en Gaule</strong></span></p>
<div style="line-height: 20px; margin-bottom: 15px;">
<p><span style="font-size: 14px;">&#8211; C. Sireix : L&rsquo;officine de potiers du site gaulois de Lacoste à Mouliets-et-Villemartin (Gironde)<br />
&#8211; F.Moser, J.-L. Tilhard : Un nouveau centre de production de céramique sigillée<br />
&#8211; P. Müller, R. Chapoulie, M. Schvoerer : Typologie des pâtes céramiques: potentialités de la cathadoluminescence<br />
&#8211; J. Lapart, Y. Rigoir, J. Rigoir : Les dérivées-des-sigillées paléochrétiennes décorées du Gers<br />
&#8211; C. Vernou : Les figurines gallo-romaines en terre cuite du Musée Archéologique de Saintes (Charente-Maritime)<br />
&#8211; C. Lahanier, H. Vertet : Étude des figurines gallo-romaines en terre cuite blanche du centre de la Gaule<br />
&#8211; J. Deneauve : Un groupe de moules africains en terre cuite et les éléments similaires découverts en Gaule<br />
&#8211; B. Dangréaux, J.-P.  Jospin : La céramique allobroge du Musée Dauphinois de Grenoble (Isère)<br />
&#8211; G. Lintz : Étude de la céramique commune du Limousin, Méthodologie<br />
&#8211; M. I. Fernandez Garcia : En torno a una forma decorada de sigillata hispanica de Andujar: la forma decorada hemisférica<br />
&#8211; M. Roca Roumens : Vasos decoracion epigrafica en la produccion de terra sigillata hispanica de Los Villares de Andujar (Jaen)</span></p>
<p><a href="http://sfecag.free.fr/ACTES/ACTES_1986.pdf"><span style="font-size: 14px;"><em>Disponible au téléchargement</em></span></a></p>
</div>
</td>
</tr>
</tbody>
</table>
<p>&nbsp;</p>

<p> ACTES DU CONGRÈS DE TOULOUSE, 1986 &nbsp; 1. Les céramiques fines non sigillées &#8211; C. Laroche : La production de céramiques fines d&rsquo; Aoste (Isère) &#8211; H. Vertet : Recherches sur les glaçures plombifères fabriquées dans le centre de la Gaule &#8211; A. Desbat : Céramiques romaines à glaçure plombifère de Lyon et de Vienne [&hellip;]</p>
