{"id":2270,"date":"2022-06-10T09:50:28","date_gmt":"2022-06-10T07:50:28","guid":{"rendered":"http:\/\/sfecag.org\/?page_id=2270"},"modified":"2025-12-31T10:26:47","modified_gmt":"2025-12-31T09:26:47","slug":"adhesion-2022","status":"publish","type":"page","link":"https:\/\/sfecag.org\/index.php\/adhesion-2022\/","title":{"rendered":"ADH\u00c9SION 2026"},"content":{"rendered":"<div>\n<p style=\"text-align: justify;\">Pour \u00eatre soci\u00e9taire de la SF\u00c9CAG, il suffit d\u2019acquitter le montant de la cotisation annuelle, fix\u00e9 <strong>\u00e0 30\u00a0\u20ac pour les personne physique<\/strong> et<strong> 40\u00a0\u20ac pour les personnes morales (institutions, associations, etc.)<\/strong> pour <strong>2026<\/strong>. Vous recevrez ainsi deux circulaires par an vous avisant de la pr\u00e9paration et du programme du congr\u00e8s annuel. Cette cotisation donne droit au volume des Actes (en janvier 2027) qui suivent le Congr\u00e8s, <strong>hors frais d\u2019exp\u00e9dition.<\/strong><\/p>\n<p>T\u00e9l\u00e9charger la fiche : <a href=\"http:\/\/sfecag.org\/wp-content\/uploads\/2025\/12\/Adhesion_2026.pdf\">Adh\u00e9sion_2026<\/a><br \/>\net la retourner, accompagn\u00e9e de son r\u00e8glement, au si\u00e8ge de la SFECAG par voie postale (8 rue Beaujour, 13006 MARSEILLE)<br \/>\nou par courriel (sfecag@free.fr)<br \/>\nou adh\u00e9rer par le biais du du site Hello Asso<br \/>\n<iframe id=\"haWidget\" style=\"width: 100%; height: 70px; border: none;\" src=\"https:\/\/www.helloasso.com\/associations\/societe-francaise-d-etude-de-la-ceramique-antique-en-gaule\/adhesions\/adhesion-2026\/widget-bouton\"><\/iframe><br \/>\n<span style=\"color: #ff0000; font-size: 14pt;\"><strong>IMPORTANT<\/strong> <\/span>:<br \/>\nCompte tenu de l\u2019augmentation r\u00e9guli\u00e8re et excessive des co\u00fbts d\u2019exp\u00e9dition, il s\u2019impose d\u00e9sormais\u00a0\u00a0 d\u2019ajouter des frais de port et d\u2019emballage \u00e0 partir de l\u2019envoi des Actes 2025.<br \/>\nMerci de remplir pr\u00e9cis\u00e9ment la fiche d&rsquo;adh\u00e9sion et la retourner par voie postale (8 rue Beaujour, F-13006 Marseille) ou par courriel (sfecag@free.fr).<\/p>\n<ul style=\"list-style-type: square;\">\n<li>\u00a0<strong>France<\/strong><\/li>\n<\/ul>\n<p>&#8211; domicile (La Poste) : 14 \u20ac<br \/>\n&#8211; Point Relais\/Locker par Mondial Relay : 8,50 \u20ac<br \/>\n&#8211; Point Relais par La Poste : 9,30 \u20ac<\/p>\n<ul style=\"list-style-type: square;\">\n<li><strong>Union Europ\u00e9enne, pays desservis par Mondial Relay<\/strong><\/li>\n<\/ul>\n<p>&#8211; domicile \u2013 Allemagne, Belgique, Luxembourg, Pays-Bas : 15 \u20ac<br \/>\n&#8211; Point Relais\/Locker \u2013 Belgique, Luxembourg, Pays-Bas, Espagne, Portugal, Italie : 10 \u20ac<\/p>\n<ul style=\"list-style-type: square;\">\n<li><strong>Union europ\u00e9enne, Royaume-Uni, Suisse par La Poste<\/strong><br \/>\n&#8211; domicile par La Poste (colissimo) : 19 \u20ac<\/li>\n<\/ul>\n<hr \/>\n<p><strong>R\u00e8glement<\/strong><\/p>\n<ul style=\"list-style-type: circle;\">\n<li>Virement sur le compte courant bancaire (virement international gratuit en utilisant les codes IBAN et BIC)<\/li>\n<li>\u00a0En ligne\/Online : le paiement en ligne est possible via la page <a href=\"https:\/\/www.helloasso.com\/associations\/societe-francaise-d-etude-de-la-ceramique-antique-en-gaule\/adhesions\/adhesion-2025\" target=\"_blank\" rel=\"noopener\">Hello Asso<\/a> de la Sf\u00e9cag <span style=\"font-size: 8pt;\">(au moment du paiement la \u00ab\u00a0contribution au fonctionnement de HelloAsso\u00a0\u00bb correspond \u00e0 une somme <b>libre<\/b> et <b>facultative <\/b>visant \u00e0 financer ce service propos\u00e9 gratuitement \u00e0 la Sf\u00e9cag. Nous n&rsquo;obligeons ni n&rsquo;encourageons nos adh\u00e9rents \u00e0 verser une contribution. Si vous ne souhaitez pas vous en acquitter, pensez \u00e0 modifier la somme propos\u00e9e automatiquement avant de r\u00e9gler votre cotisation).<br \/>\n<span style=\"font-size: 12pt;\">Merci de ne pas oublier de retourner \u00e0 la Sf\u00e9cag la fiche d&rsquo;adh\u00e9sion d\u00fbment remplie par courriel<\/span><\/span>.<\/li>\n<li>\u00a0Ch\u00e8que bancaire<\/li>\n<li>\u00a0Autres<\/li>\n<\/ul>\n<\/div>\n<div>\n<hr \/>\n<div><\/div>\n<\/div>\n<div>\n<table style=\"width: 99.25%; height: 62px;\">\n<tbody>\n<tr>\n<td><span style=\"font-size: 8pt;\">La Banque Postale :<\/span><br \/>\n<span style=\"font-size: 8pt;\">1 611 42 U Marseille<\/span><\/td>\n<td><span style=\"font-size: 8pt;\">code IBAN :<\/span><br \/>\n<span style=\"font-size: 8pt;\">FR93 2004 1010 0801 6114 2U02 941<\/span><\/td>\n<td><span style=\"font-size: 8pt;\">BIC :<\/span><br \/>\n<span style=\"font-size: 8pt;\">PSSTFRPPMAR<\/span><\/td>\n<\/tr>\n<\/tbody>\n<\/table>\n<\/div>\n<div>\n<hr \/>\n<p style=\"text-align: justify;\">\n<\/div>\n<div><\/div>\n<div><\/div>\n<div><\/div>\n<div><\/div>\n","protected":false},"excerpt":{"rendered":"<p>Pour \u00eatre soci\u00e9taire de la SF\u00c9CAG, il suffit d\u2019acquitter le montant de la cotisation annuelle, fix\u00e9 \u00e0 30\u00a0\u20ac pour les personne physique et 40\u00a0\u20ac pour les personnes morales (institutions, associations, etc.) pour 2026. Vous recevrez ainsi deux circulaires par an vous avisant de la pr\u00e9paration et du programme du congr\u00e8s annuel. Cette cotisation donne droit [&hellip;]<\/p>\n","protected":false},"author":1,"featured_media":0,"parent":0,"menu_order":0,"comment_status":"closed","ping_status":"closed","template":"","meta":{"footnotes":""},"class_list":["post-2270","page","type-page","status-publish","hentry"],"_links":{"self":[{"href":"https:\/\/sfecag.org\/index.php\/wp-json\/wp\/v2\/pages\/2270","targetHints":{"allow":["GET"]}}],"collection":[{"href":"https:\/\/sfecag.org\/index.php\/wp-json\/wp\/v2\/pages"}],"about":[{"href":"https:\/\/sfecag.org\/index.php\/wp-json\/wp\/v2\/types\/page"}],"author":[{"embeddable":true,"href":"https:\/\/sfecag.org\/index.php\/wp-json\/wp\/v2\/users\/1"}],"replies":[{"embeddable":true,"href":"https:\/\/sfecag.org\/index.php\/wp-json\/wp\/v2\/comments?post=2270"}],"version-history":[{"count":33,"href":"https:\/\/sfecag.org\/index.php\/wp-json\/wp\/v2\/pages\/2270\/revisions"}],"predecessor-version":[{"id":3177,"href":"https:\/\/sfecag.org\/index.php\/wp-json\/wp\/v2\/pages\/2270\/revisions\/3177"}],"wp:attachment":[{"href":"https:\/\/sfecag.org\/index.php\/wp-json\/wp\/v2\/media?parent=2270"}],"curies":[{"name":"wp","href":"https:\/\/api.w.org\/{rel}","templated":true}]}}