{"id":576,"date":"2018-12-28T18:39:25","date_gmt":"2018-12-28T17:39:25","guid":{"rendered":"http:\/\/sfecag.org\/?page_id=576"},"modified":"2023-12-31T10:56:52","modified_gmt":"2023-12-31T09:56:52","slug":"sommaire-2011","status":"publish","type":"page","link":"https:\/\/sfecag.org\/index.php\/sommaire-2011\/","title":{"rendered":"Sommaire 2011"},"content":{"rendered":"<table>\n<tbody>\n<tr>\n<td><span style=\"color: #000000;\"><strong><span style=\"font-size: 20px;\"><a href=\"http:\/\/127.0.0.1\/wordpress\/wp-content\/uploads\/2020\/12\/couv2011.png\"><img loading=\"lazy\" decoding=\"async\" class=\"size-full wp-image-1611 alignleft\" src=\"http:\/\/sfecag.org\/wp-content\/uploads\/2020\/12\/couv2011.png\" alt=\"\" width=\"85\" height=\"118\" \/><\/a><\/span><\/strong><\/span><\/p>\n<p><span style=\"font-size: 14pt;\"><strong>ACTES DU CONGR\u00c8S D&rsquo;ARLES, 2011<\/strong><\/span><\/p>\n<p>&nbsp;<\/p>\n<p>&nbsp;<\/p>\n<p><span style=\"font-size: 16px;\"><strong>1. Contextes de consommation \u00e0 Arles : le point des connaissances c\u00e9ramiques<\/strong><\/span><\/p>\n<div style=\"line-height: 20px;\">\n<p><span style=\"font-size: 14px;\">&#8211; P. ARCELIN : C\u00e9ramiques non tourn\u00e9es des Alpilles au I<sup>er<\/sup> si\u00e8cle avant J.-C. Les ateliers B<br \/>\n&#8211; <\/span><span style=\"font-size: 14px;\">A. ROCHE-TRAMIER : \u00c9volution de la c\u00e9ramique dans les s\u00e9pultures \u00e0 Arles aux I<sup>er<\/sup> s. avant et apr\u00e8s J.-C. : La c\u00e9ramique marqueur du processus de romanisation<br \/>\n&#8211; L. LONG, G. DUPERRON : Le mobilier de la fouille de l\u2019\u00e9pave romaine Arles-Rh\u00f4ne 7. Un navire fluvio-maritime du III<sup>e<\/sup> s. de n.\u00e8.<br \/>\n&#8211; J. PITON : Arles, occupation du forum par des maisons ou des boutiques, au d\u00e9but du V<sup>e<\/sup> s.?<br \/>\n&#8211; C. RICHART\u00c9, avec la coll. de F. RAYNAUD : Proposition de p\u00e9riodisation des contextes tardo-antiques du th\u00e9\u00e2tre d\u2019Arles (V<sup>e<\/sup> -VI<sup>e<\/sup> s.). Nouvelles donn\u00e9es<\/span><\/p>\n<\/div>\n<div style=\"line-height: 20px;\">\n<p style=\"text-align: justify;\"><span style=\"font-size: 16px;\"><strong>2. Contextes de villes portuaires et fluviales : commerce, \u00e9conomie et soci\u00e9t\u00e9<\/strong><\/span><\/p>\n<p><span style=\"font-size: 14px;\">&#8211; F. CIBECCHINI, S. BARGAGLIOTTI : Le mobilier du bassin portuaire de <em>Portus Scabris<\/em> (Grosseto \u2013 Italie) aux II<sup>e<\/sup> et I<sup>er<\/sup> s. av. n.\u00e8.<br \/>\n&#8211; L. LONG, G. DUPERRON : Recherches sous-marines au large des Saintes-Maries-de-la-Mer (Bouches-du-Rh\u00f4ne). Sur les traces de l\u2019avant-port maritime d\u2019Arles<br \/>\n&#8211; G. MONTEIL, S. SILV\u00c9R\u00c9ANO : De <em>Britannia<\/em> \u00e0 <em>Narbo Martivs<\/em>, r\u00e9flexions crois\u00e9es autour d\u2019assemblages sigill\u00e9s d\u2019\u00e9poque n\u00e9ronienne<br \/>\n&#8211; P. EXCOFFON, M. PASQUALINI, E. PELLEGRINO : Importations \u00e0 Fr\u00e9jus d\u2019apr\u00e8s le mobilier issu des fouilles r\u00e9centes (I<sup>er<\/sup> s. av. J.-C. \u2013 III<sup>e<\/sup> s. apr. J.-C.). Premi\u00e8res approches pour une \u00e9tude \u00e9conomique<br \/>\n&#8211; C. SANCHEZ, C. CARRATO, B. FAVENNEC et coll. : Recherches r\u00e9centes sur les contextes portuaires de Narbonne (Aude) : les fouilles de Port-La-Nautique et du Grand Cast\u00e9lou<br \/>\n&#8211; M. BONIFAY, C. CAPELLI, M. MOLINER : Amphores africaines de la basilique de la rue Malaval \u00e0 Marseille (V<sup>e<\/sup> s.)<br \/>\n&#8211; L. RIVET : M\u00e9daillons d\u2019applique des fouilles dites des \u201cBerges du Rh\u00f4ne\u201d \u00e0 Arles<br \/>\n&#8211; J.-C. TR\u00c9GLIA, J. PITON : Arles. C\u00e9ramiques communes et c\u00e9ramiques culinaires africaines des niveaux de r\u00e9occupation du Cirque (d\u00e9but du V<sup>e<\/sup> s.)<br \/>\n&#8211; T. MARTIN : Les c\u00e9ramiques sigill\u00e9es du d\u00e9potoir fluvio-maritime de l\u2019\u00e9pave Arles-Rh\u00f4ne 3 : quelques pi\u00e8ces remarquables<br \/>\n&#8211; P. ROLLET, P. MATHELART, \u00c9. JOUHET, G. FRONTEAU : Le stockage d\u2019argile en bordure de berge de la capitale de la Gaule belgique (Reims, Marne)<br \/>\n&#8211; \u00c9l\u00e9ments pour une synth\u00e8se sur les contextes des villes portuaires et fluviales : commerce, \u00e9conomie et soci\u00e9t\u00e9<\/span><\/p>\n<\/div>\n<p style=\"text-align: justify;\"><span style=\"font-size: 16px;\"><strong>3. Actualit\u00e9 des recherches c\u00e9ramiques<\/strong><\/span><\/p>\n<div style=\"line-height: 20px;\">\n<p style=\"text-align: justify;\"><span style=\"font-size: 14px;\">&#8211; S. VAUTHIER : Un d\u00e9potoir de terra nigra et un ensemble lat\u00e9nien \u00e0 Tarquimpol \u2013 Decempagi (Moselle)<br \/>\n&#8211; M. COMAS I SOL\u00c0, P. PADR\u00d3S I MART\u00cd : Contextes c\u00e9ramiques des niveaux de circulation d\u2019une voie \u00e0 proximit\u00e9 de la Via Augusta et de l\u2019atelier d\u2019amphores de Can Peixau \u00e0 <em>Baetulo<\/em> (Badalone, Espagne)<br \/>\n&#8211; A. GILLES : Les c\u00e9ramiques fines de la fin de l\u2019Antiquit\u00e9 \u00e0 Soyons (Ard\u00e8che) : nouvelles donn\u00e9es sur les D\u00e9riv\u00e9es-de-Sigill\u00e9es Pal\u00e9ochr\u00e9tiennes et les C\u00e9ramiques \u00e0 Rev\u00eatement Argileux de la vall\u00e9e du Rh\u00f4ne<br \/>\n&#8211; A. TRIPIER : L\u2019approvisionnement en sigill\u00e9e de <em>Lugdunum<\/em> durant le Haut-Empire : l\u2019exemple de la rue des Farges (Lyon, Rh\u00f4ne)<br \/>\n&#8211; S. NIELOUD-MULLER\u00a0 : Ensemble c\u00e9ramique de la seconde moiti\u00e9 du II<sup>e <\/sup>s. apr. J.-C. d\u00e9couvert dans le lac du Bourget (Savoie) : d\u00e9p\u00f4t cultuel en milieu lacustre ?<br \/>\n&#8211; J. C. QUARESMA : Les importations de sigill\u00e9e et de c\u00e9ramique culinaire africaine dans la villa du Raba\u00e7al (Lusitanie) : IV<sup>e<\/sup> s. \u2013 d\u00e9but du VI<sup>e<\/sup> s.<br \/>\n&#8211; M. DAVID, X. GONZALEZ MURO : \u201cOpus doliare\u201d e nuovi bolli laterizi dall\u2019insula IV, IX di Ostia<br \/>\n&#8211; N. GARNIER, T. SILVINO, D. BERNAL-CASASOLA : L\u2019identification du contenu des amphores : huile, conserves de poissons et poissage<br \/>\n&#8211; S. MARTIN-KILCHER : Formes d\u2019amphores et contenu au Haut-Empire, points de rep\u00e8re et questions<br \/>\n&#8211; A. MALIGNAS, L. LE ROY : Le mobilier c\u00e9ramique de la fin du II<sup>e<\/sup> s. av. J.-C. de l\u2019\u00e9tablissement de La Grangette\/Saint-F\u00e9lix \u00e0 Vinassan (Aude)<br \/>\n&#8211; A. L\u00d3PEZ MULLOR, A. MART\u00cdN MEN\u00c9NDEZ, M.M. ESTARELLAS, J. MERINO, F. TORRES : La c\u00e9ramique associ\u00e9e aux constructions de l\u2019\u00e9tablissement romain de Son Espases (Palma de Majorque), II<sup>e<\/sup>-I<sup>er<\/sup> s. av. J.-C.<br \/>\n&#8211; G. MAZA, T. SILVINO, avec la coll. de A. HANOTTE : Les origines de la colonie de Valence (Dr\u00f4me) : d\u00e9finition des faci\u00e8s c\u00e9ramiques de la seconde moiti\u00e9 du I<sup>er<\/sup> s. av. J.-C. \u00e0 partir de la fouille de l\u2019angle des rues d\u2019Arm\u00e9nie et Bouffier<br \/>\n&#8211; E. MAROT : Contexte augusto-tib\u00e9rien \u00e0 Lazenay (Bourges, Cher)<br \/>\n&#8211; <\/span><span style=\"font-size: 14px;\">M. BUSTAMANTE, I. FAGA, E. HUGUET, J. KRAJ\u0160EK, A. RAM\u00d3N, A. RIBERA, J. V. SALAVERT, E.\u00a0SCHINDLER-KAUDELKA : Un contexto cerrado de mediados del s. I d.C. de la Casa de Ariadna de Pompeya<br \/>\n&#8211; <\/span><span style=\"font-size: 14px;\">J. SIMON, \u00c9. PORTAT, V. ACHER\u00c9, V. MORISSE : Mourir autour de la naissance : la pratique de l\u2019enchytrismos ou l\u2019inhumation dans des r\u00e9ceptacles fun\u00e9raires \u00e0 Chartres (Eure-et-Loir) au Haut-Empire<br \/>\n&#8211; O. LEBLANC : Un ensemble de c\u00e9ramiques \u00e0 boire du III<sup>e<\/sup> s. apr. J.-C. \u00e0 Saint-Romain-en-Gal (Rh\u00f4ne)<br \/>\n&#8211; S. BARBERAN : Un d\u00e9potoir constitu\u00e9 \u00e0 la fin du r\u00e8gne de Tib\u00e8re au pied de l\u2019enceinte romaine de N\u00eemes (Gard)<br \/>\n&#8211; J. BRUANT, O. COTT\u00c9, G. DESRAYAUD, V. PISSOT et coll. : Vases entiers dans des foss\u00e9s : des pratiques li\u00e9es au bornage des terres ? Pr\u00e9sentation de trois exemples franciliens<br \/>\n&#8211; B. CL\u00c9MENT : La typologie des tuiles de terre cuite au deuxi\u00e8me \u00e2ge du Fer en Gaule m\u00e9ridionale : nouvelles donn\u00e9es<br \/>\n&#8211; L. D\u2019ALESSANDRO : Anfore adriatiche a Roma : attestazioni del bollo THB dal Nuovo Mercato Testaccio<br \/>\n&#8211; R. DELAGE, D. GUITTON, J.-L. TILHARD : \u00c9tude compl\u00e9mentaire des collections de c\u00e9ramiques sigill\u00e9es du Mus\u00e9e Sainte-Croix \u00e0 Poitiers?: les vases lisses du Centre-Ouest d\u00e9pourvus d\u2019estampilles<br \/>\n&#8211; D. DJAOUI : D\u00e9couverte d\u2019un double sceau en bois \u00e0 date consulaire (\u00e9pave Tiboulen de Ma\u00efre, Marseille). \u00c9tude pr\u00e9liminaire<br \/>\n&#8211; J. LEONE : Un rhyton en paroi fine de Musarna (Italie). Vase de tradition hell\u00e9nistique, techniques de production romaines<br \/>\n&#8211; F. MARTY : Vaisselle c\u00e9ramique cnidienne du port antique de Fos-sur-Mer (Bouches-du-Rh\u00f4ne)<br \/>\n&#8211; P. MARTY : La jatte \u00e0 anses internes : un nouveau type c\u00e9ramique transpyr\u00e9n\u00e9en<br \/>\n&#8211; S. MAUN\u00c9, S.?SILV\u00c9R\u00c9ANO et coll. : Les productions augusto-tib\u00e9riennes de l\u2019atelier de potiers de Bastide-Neuve \u00e0 Velaux (B.-du-Rh.)<br \/>\n&#8211; G. MAZA et coll. : Le vaisselier c\u00e9ramique du sanctuaire gallo-romain de \u201cPr\u00e9 de Nuits\u201d \u00e0 Nuits-Saint-Georges (C\u00f4te-d\u2019Or), I<sup>er<\/sup> s. de n.\u00e8.<br \/>\n&#8211; G. MAZA, D. TOURGON et coll.?: Du nouveau sur les faci\u00e8s c\u00e9ramiques pr\u00e9coces de la capitale de cit\u00e9 des S\u00e9gusiaves (Feurs, Loire). Angle de la place du 11 novembre et de la rue du Rozier<br \/>\n&#8211; F. MENEC : Les graffites de la place des \u00c9tats-Unis \u00e0 Langres (Haute-Marne)<br \/>\n&#8211; E. PELLEGRINO : Un contexte de la fin du IV<sup>e<\/sup> s. en Provence orientale. Les niveaux d\u2019abandon du site du n\u00b043 de l\u2019avenue du XVe Corps \u00e0 Fr\u00e9jus<br \/>\n&#8211; T. SILVINO, L. ROBIN et coll.?: Un d\u00e9potoir du d\u00e9but du IV<sup>e<\/sup>?s. d\u00e9couvert dans le th\u00e9\u00e2tre antique de Vienne (Is\u00e8re)<br \/>\n&#8211; L. TRIN : Le mobilier c\u00e9ramique de la p\u00e9riode claudienne du 12bis chemin Hausse \u00e0 Vieux (<em>Aregenua<\/em>, Calvados)<br \/>\n&#8211; M. TUFFREAU-LIBRE : Typo-chronologie des pots \u00e0 cuire (<em>ollae<\/em>) de Pomp\u00e9i (Campanie, Italie)<br \/>\n<\/span><\/p>\n<\/div>\n<p style=\"text-align: justify;\"><em><span style=\"font-size: 14px;\">Un volume au format 21 x 29.7, de 756 pages, cahiers cousus : 61?\u20ac (+ frais de port)<\/span><\/em><\/p>\n<\/td>\n<\/tr>\n<\/tbody>\n<\/table>\n<p style=\"text-align: justify;\">\n","protected":false},"excerpt":{"rendered":"<p>ACTES DU CONGR\u00c8S D&rsquo;ARLES, 2011 &nbsp; &nbsp; 1. Contextes de consommation \u00e0 Arles : le point des connaissances c\u00e9ramiques &#8211; P. ARCELIN : C\u00e9ramiques non tourn\u00e9es des Alpilles au Ier si\u00e8cle avant J.-C. Les ateliers B &#8211; A. ROCHE-TRAMIER : \u00c9volution de la c\u00e9ramique dans les s\u00e9pultures \u00e0 Arles aux Ier s. avant et apr\u00e8s [&hellip;]<\/p>\n","protected":false},"author":1,"featured_media":0,"parent":0,"menu_order":0,"comment_status":"closed","ping_status":"closed","template":"","meta":{"footnotes":""},"class_list":["post-576","page","type-page","status-publish","hentry"],"_links":{"self":[{"href":"https:\/\/sfecag.org\/index.php\/wp-json\/wp\/v2\/pages\/576","targetHints":{"allow":["GET"]}}],"collection":[{"href":"https:\/\/sfecag.org\/index.php\/wp-json\/wp\/v2\/pages"}],"about":[{"href":"https:\/\/sfecag.org\/index.php\/wp-json\/wp\/v2\/types\/page"}],"author":[{"embeddable":true,"href":"https:\/\/sfecag.org\/index.php\/wp-json\/wp\/v2\/users\/1"}],"replies":[{"embeddable":true,"href":"https:\/\/sfecag.org\/index.php\/wp-json\/wp\/v2\/comments?post=576"}],"version-history":[{"count":2,"href":"https:\/\/sfecag.org\/index.php\/wp-json\/wp\/v2\/pages\/576\/revisions"}],"predecessor-version":[{"id":2773,"href":"https:\/\/sfecag.org\/index.php\/wp-json\/wp\/v2\/pages\/576\/revisions\/2773"}],"wp:attachment":[{"href":"https:\/\/sfecag.org\/index.php\/wp-json\/wp\/v2\/media?parent=576"}],"curies":[{"name":"wp","href":"https:\/\/api.w.org\/{rel}","templated":true}]}}