{"id":865,"date":"2019-03-25T18:55:46","date_gmt":"2019-03-25T17:55:46","guid":{"rendered":"http:\/\/sfecag.org\/?page_id=865"},"modified":"2026-03-13T09:44:50","modified_gmt":"2026-03-13T08:44:50","slug":"programme-2019","status":"publish","type":"page","link":"https:\/\/sfecag.org\/index.php\/programme-2019\/","title":{"rendered":"PROGRAMME 2026 N\u00eemes"},"content":{"rendered":"<p><span style=\"font-size: 14pt;\"><strong>CONGR\u00c8S de Bruxelles <\/strong><\/span>:\u00a0<a href=\"http:\/\/sfecag.org\/wp-content\/uploads\/2026\/03\/Programme-SFECAG-2026.pdf\">Programme SFECAG 2026<\/a><\/p>\n<table style=\"border-collapse: collapse; width: 100%; height: 244px;\">\n<tbody>\n<tr style=\"height: 220px;\">\n<td style=\"width: 100%; border-color: #229938; border-style: double; height: 220px; padding-left: 40px; text-align: left;\"><span style=\"color: #339966;\"><strong><span style=\"font-size: 24px;\">JEUDI 14 MAI<\/span><\/strong><\/span><br \/>\n<strong>17h00<\/strong>-18h00 : Palais des Congr\u00e8s de N\u00eemes, accueil des congressistes<br \/>\n<strong>18h15<\/strong> : Ouverture du Congr\u00e8s<br \/>\n<strong>18h30<\/strong> : Conf\u00e9rence inaugurale par Christophe PELLECUER (retrait\u00e9 du Service r\u00e9gional de l\u2019Arch\u00e9ologie), Marc CELI\u00c9 (\u00e9m\u00e9rite Inrap), Jean-Yves BREUIL (Inrap) :<br \/>\n<em>40 ans d\u2019arch\u00e9ologie \u00e0 N\u00eemes, une aventure collective<\/em><br \/>\n19h30-20h30 : Verre de l\u2019Amiti\u00e9<\/td>\n<\/tr>\n<\/tbody>\n<\/table>\n<table style=\"border-collapse: collapse; width: 100%;\">\n<tbody>\n<tr>\n<td style=\"width: 100%; border-color: #229938; border-style: solid; padding-left: 40px;\">\n<h1><span style=\"font-size: 24px; color: #339966;\"><strong>VENDREDI 15 MAI<\/strong><\/span><\/h1>\n<p><strong>8h15<\/strong> : Auditorium du Mus\u00e9e de la Romanit\u00e9, accueil<\/p>\n<p style=\"text-align: center; padding-left: 80px;\"><strong><span style=\"font-size: 15pt;\">LA C\u00c9RAMIQUE DE L\u2019ANTIQUIT\u00c9 TARDIVE<br \/>\nDANS LE SUD DE LA GAULE <\/span><\/strong><strong><span style=\"font-size: 15pt;\">(III<sup>e<\/sup>&#8211; VI<sup>e<\/sup> SI\u00c8CLES).<br \/>\nI &#8211; Les ateliers et les zones de production<\/span><\/strong><\/p>\n<p><strong>9h00<\/strong> : Emmanuel PELLEGRINO<br \/>\nLa c\u00e9ramique dite liguro-proven\u00e7ale : un marqueur du renouveau des formes et des aires de distribution de la vaisselle culinaire entre la fin du IV<sup>e<\/sup> et le VI<sup>e<\/sup> s.<\/p>\n<p>9h30 : Amaury GILLES, C\u00e9cile BATIGNE, Armand DESBAT, Val\u00e9rie THIRION-MERLE<br \/>\nC\u00e9ramiques fines et communes en moyenne vall\u00e9e du Rh\u00f4ne (fin du III<sup>e<\/sup>-d\u00e9but du VI<sup>e<\/sup> s.) : un \u00e9tat des recherches<\/p>\n<p>10h00 : C\u00e9dric DA COSTA, J\u00e9r\u00f4me KOTARBA, C\u00e9line JANDOT<br \/>\nL\u2019atelier de tuiliers et les terres cuites architecturales du baln\u00e9aire du site des Aybrines \u00e0 Thuir (Pyr\u00e9n\u00e9es-Orientales)<\/p>\n<p>10h30 : Pause<\/p>\n<p>11h00 : Beno\u00eet FAVENNEC, Claire FAISANDIER et collaborateurs<br \/>\nBilan sur les 10 ann\u00e9es de recherches sur les potiers et les tuiliers de l\u2019Antiquit\u00e9 tardive (extr\u00eame fin du IV<sup>e<\/sup> s.\/V<sup>e<\/sup> s.) de Las Cravieros \u00e0 Fanjeaux (Aude)<\/p>\n<p>11h30 : Pierre MARTY<br \/>\nUn atelier pour quoi faire ? Les productions de l\u2019atelier de l\u2019ancien h\u00f4pital militaire Larrey \u00e0 Toulouse (Haute-Garonne)<\/p>\n<p>12h00 : Fran\u00e7ois RECHIN<br \/>\nL\u2019atelier c\u00e9ramique tardo-antique de Bayonne : des c\u00e9ramiques communes culinaires tourn\u00e9es et DS.P. destin\u00e9es \u00e0 la Cohorte de Novempopulanie ?<\/p>\n<p>12h30 : Fin de la premi\u00e8re session, repas libre<\/td>\n<\/tr>\n<\/tbody>\n<\/table>\n<table style=\"border-collapse: collapse; width: 100%;\">\n<tbody>\n<tr>\n<td style=\"width: 100%; border-style: solid; border-color: #229938; padding-left: 40px;\">\n<p style=\"text-align: center;\"><span style=\"font-size: 20px;\"><strong>LA C\u00c9RAMIQUE DE L\u2019ANTIQUIT\u00c9 TARDIVE DANS LE SUD DE LA GAULE<br \/>\n(III<sup>e<\/sup>&#8211; VI<span style=\"color: #000000;\"><sup>e<\/sup><\/span> SI\u00c8CLES). II &#8211; Les sites de consommation<\/strong><\/span><\/p>\n<p><strong>14h00<\/strong> : Catherine RICHART\u00c9, Thomas NAVARRO<br \/>\nPertuis, Saint-Roch. Une production de DS.P.P. dans un \u00e9tablissement rural tardif de l\u2019arri\u00e8re-pays proven\u00e7al (V<sup>e<\/sup>-VI<sup>e<\/sup> s.)<\/p>\n<p>14h20 : Pierre RASCALOU<br \/>\nLes derniers ensembles c\u00e9ramiques (III<sup>e<\/sup> s.) livr\u00e9s par l\u2019\u00e9tablissement agricole du Renaussas \u00e0 Valros (H\u00e9rault)<\/p>\n<p>14h40 : S\u00e9bastien BARBERAN, Herv\u00e9 POMAREDES, avec la coll. de J.-Y. Breuil, Ph. Cayn et R. Gaf\u00e0<br \/>\nVaisselle et amphores en p\u00e9riph\u00e9rie de <em>Nemausus<\/em> dans la seconde moiti\u00e9 du III<sup>e<\/sup> s. : les sites du Mas de Vignoles XIV, de Magaille Est et de Miremand \u00e0 N\u00eemes (Gard)<\/p>\n<p>15h10 : Guillaume DUPERRON, Marc HEIJMANS, Jean PITON<br \/>\nFaci\u00e8s de consommation et trafics commerciaux \u00e0 Arles au IV<sup>e<\/sup> s. : nouvelles donn\u00e9es issues du site p\u00e9riurbain de l\u2019Esplanade<\/p>\n<p>15h30 : Adrien MALIGNAS, avec la coll. de M. Gourlot et L. Le Roy<br \/>\nChoix et utilisation d\u2019objets en c\u00e9ramique dans une n\u00e9cropole de l\u2019Antiquit\u00e9 tardive (Pertuis, Vaucluse, IV<sup>e<\/sup> s.)<\/p>\n<p>15h50 : Pause &#8211; Rencontre autour des posters<\/p>\n<p>16h30 : Fanny BELLET<br \/>\n\u00c9tude de la c\u00e9ramique tardo-antique de deux sites d\u2019ampleur en plein c\u0153ur de Toulouse (Haute-Garonne) : M\u00e9tro et Parking Esquirol (IV<sup>e<\/sup>-VI<sup>e<\/sup> s.)<\/p>\n<p>17h00 : Marc BOUZAS SABATER, Llu\u00eds PALAHI GRIMAL<br \/>\nContextes arch\u00e9ologiques et ensembles c\u00e9ramiques de l\u2019\u00e9poque imp\u00e9riale tardive et de l\u2019Antiquit\u00e9 tardive provenant du <em>vicus<\/em> de Roses (G\u00e9rone, Espagne)<\/p>\n<p>17h30 : DISCUSSION : \u00c9l\u00e9ments de synth\u00e8se sur \u00ab La c\u00e9ramique de l\u2019Antiquit\u00e9 tardive dans le sud de la Gaule (III<sup>e<\/sup>-VI<sup>e<\/sup> s.) \u00bb<\/p>\n<p>18h30 : Fin de la deuxi\u00e8me session<\/p>\n<hr \/>\n<p>18h45 : Mus\u00e9e de la Romanit\u00e9 : accueil par le comit\u00e9 de direction du Mus\u00e9e<\/p>\n<p>19H00-20h30 : Ap\u00e9ritif sur le <em>rooftop<\/em> du Mus\u00e9e de la Romanit\u00e9<\/td>\n<\/tr>\n<\/tbody>\n<\/table>\n<table style=\"border-collapse: collapse; width: 100%; height: 930px;\">\n<tbody>\n<tr style=\"height: 930px;\">\n<td style=\"width: 100%; padding-left: 40px; border-color: #229938; border-style: solid; height: 930px;\"><span style=\"color: #339966;\"><strong><span style=\"font-size: 24px;\">SAMEDI 16 MAI<\/span><\/strong><\/span><\/p>\n<p><strong>8h15<\/strong> : Auditorium du Mus\u00e9e de la Romanit\u00e9, accueil<\/p>\n<p style=\"text-align: center;\"><span style=\"font-size: 15pt;\"><strong>ACTUALIT\u00c9 DES RECHERCHES C\u00c9RAMIQUES (I)<\/strong><\/span><\/p>\n<p><strong>9h00<\/strong> : Arnaud GALLI\u00c8GUE<br \/>\nLampes \u00e0 huile fun\u00e9raires de Teulat (Tarn) : apports lychnologiques et pratiques de d\u00e9p\u00f4t dans une n\u00e9cropole antique du sud-ouest de la Gaule<\/p>\n<p>9h30 : Giuseppe INDINO, Michel TRAN<br \/>\nLes importations de vaisselle italique chez les Nitiobroges d\u2019Eysses-<em>Excisum<\/em> \u00e0 la fin de La T\u00e8ne : campaniennes A et B et \u00e0 palmettes, amphores italiques<\/p>\n<p>09h50 : St\u00e9phane DUBOIS, Adrien SAGGESE, avec la coll. de M. Andrieu et M. Mauger<\/p>\n<p>Un ensemble clos remarquable de la seconde moiti\u00e9 du III<sup>e<\/sup> s., le mobilier des latrines de la fouille de la Grande Biblioth\u00e8que \u00e0 Besan\u00e7on (Doubs)<\/p>\n<p>10h20 : Marjorie RIOU, avec la coll. de A. Guerraud<br \/>\nLa c\u00e9ramique august\u00e9enne \u00e0 Bourges (Cher)<\/p>\n<p>10h40 : Pause &#8211; Assembl\u00e9e G\u00e9n\u00e9rale et \u00e9lections<\/p>\n<p>11h15 : Laurence BENQUET<br \/>\nLa r\u00e9utilisation des amphores en Corse : \u00e9tude de deux n\u00e9cropoles de l\u2019Antiquit\u00e9 tardive<\/p>\n<p>11h45 : Maxime MORTREAU<br \/>\nLa c\u00e9ramique gallo-romaine du site des \u00ab Ritti\u00e8res \u00bb \u00e0 Saint-Sylvain d\u2019Anjou (Maine-et-Loire)<\/p>\n<p>12h10 : Paola PUPPO<br \/>\nDe la c\u00e9ramique sigill\u00e9e marbr\u00e9e sud-gauloise en Ligurie<\/p>\n<p>12h30 : Fin de la troisi\u00e8me session, repas libre<\/p>\n<hr \/>\n<p><strong>\u00c0 partir de 14h15<\/strong> : visites guid\u00e9es et\/ou libres de la ville de N\u00eemes et de ses monuments et\/ou visite libre du Mus\u00e9e de la Romanit\u00e9 (\u00ab Billet Mus\u00e9e \u00bb valable une seule journ\u00e9e).<br \/>\nPour les visites guid\u00e9es : inscription \u00e0 l\u2019accueil du congr\u00e8s.<\/p>\n<p><strong>\u00c0 partir de 19h30<\/strong>, Mus\u00e9e de la Romanit\u00e9, repas en commun :\u00a0inscription obligatoire avant le 28 avril 2026 (capacit\u00e9 maximale : 150 personnes)<\/td>\n<\/tr>\n<\/tbody>\n<\/table>\n<table style=\"border-collapse: collapse; width: 100%;\">\n<tbody>\n<tr>\n<td style=\"width: 100%; border-style: solid; border-color: #229938; padding-left: 80px;\">\n<h1><span style=\"color: #339966;\"><strong><span style=\"font-size: 24px;\">DIMANCHE 17 MAI<\/span><\/strong><\/span><\/h1>\n<p><strong>8h30<\/strong>\u00a0: Auditorium du Mus\u00e9e de la Romanit\u00e9, accueil<\/p>\n<p style=\"text-align: center;\"><span style=\"font-size: 15pt;\"><strong>ACTUALIT\u00c9 DES RECHERCHES C\u00c9RAMIQUES (II)<\/strong><\/span><\/p>\n<p><strong>9h00<\/strong> : Marie-Pierre CHAMBON<br \/>\nQuand la vaisselle accompagne les morts : la contribution de la c\u00e9ramique \u00e0 la connaissance des pratiques fun\u00e9raires dans les campagnes \u00e0 la fin de l\u2019Antiquit\u00e9 (IV<sup>e<\/sup>-d\u00e9but du V<sup>e<\/sup>s..) en r\u00e9gion Centre-Val de Loire<\/p>\n<p>9h20 : Philippe BET, Alain WITTMANN, avec la coll. posthume d\u2019Y. Rigoir et d\u2019H. Vertet<br \/>\nLa terre sigill\u00e9e du Bas-Empire de Lezoux<\/p>\n<p>9h40 : Fabienne GATEAU<br \/>\nArles (Bouches-du-Rh\u00f4ne), \u00e0 propos des \u00ab alignements \u00bb d\u2019amphores en rive droite (\u00cele des Sables et Cimeti\u00e8re de Trinquetaille)<\/p>\n<p>10h00 : Macarena BUSTAMANTE, Adrien MALIGNAS, Albert RIBERA<br \/>\nLa c\u00e9ramique des parfumeurs de Pomp\u00e9i<\/p>\n<p>10h30 : Pause<\/p>\n<p>11h00 : Sandrine LINGER-RIQUIER, Ingrid RENAULT, Fanny GAUTHIER<br \/>\n28 ans apr\u00e8s la parution des amphores \u2026 les c\u00e9ramiques gauloises de Sainte-Th\u00e9r\u00e8se de Chartres (Eure-et-Loir) !<\/p>\n<p>11h30 : Wim DE CLERCQ, Tim CLERBAUT, Ward DECRAMER, Alexander DOUCET, Maarten PRAET, Sonja WILLEMS<br \/>\nUn d\u00e9potoir rituel de c\u00e9ramiques de l\u2019\u00e9poque flavienne \u00e0 Merendree (Deinze, Flandre-Orientale, Belgique)<\/p>\n<p>12h00 : Guillaume FLORENT, \u00c9ric BINET<br \/>\nLa c\u00e9ramique de l\u2019agglom\u00e9ration secondaire de Vendeuil-Caply (Oise) du d\u00e9but du Ier \u00e0 la fin du III<sup>e<\/sup> s.<\/p>\n<p>12h30 : Cl\u00f4ture du Congr\u00e8s<\/td>\n<\/tr>\n<\/tbody>\n<\/table>\n","protected":false},"excerpt":{"rendered":"<p>CONGR\u00c8S de Bruxelles :\u00a0Programme SFECAG 2026 JEUDI 14 MAI 17h00-18h00 : Palais des Congr\u00e8s de N\u00eemes, accueil des congressistes 18h15 : Ouverture du Congr\u00e8s 18h30 : Conf\u00e9rence inaugurale par Christophe PELLECUER (retrait\u00e9 du Service r\u00e9gional de l\u2019Arch\u00e9ologie), Marc CELI\u00c9 (\u00e9m\u00e9rite Inrap), Jean-Yves BREUIL (Inrap) : 40 ans d\u2019arch\u00e9ologie \u00e0 N\u00eemes, une aventure collective 19h30-20h30 : [&hellip;]<\/p>\n","protected":false},"author":1,"featured_media":0,"parent":0,"menu_order":0,"comment_status":"closed","ping_status":"closed","template":"","meta":{"footnotes":""},"class_list":["post-865","page","type-page","status-publish","hentry"],"_links":{"self":[{"href":"https:\/\/sfecag.org\/index.php\/wp-json\/wp\/v2\/pages\/865","targetHints":{"allow":["GET"]}}],"collection":[{"href":"https:\/\/sfecag.org\/index.php\/wp-json\/wp\/v2\/pages"}],"about":[{"href":"https:\/\/sfecag.org\/index.php\/wp-json\/wp\/v2\/types\/page"}],"author":[{"embeddable":true,"href":"https:\/\/sfecag.org\/index.php\/wp-json\/wp\/v2\/users\/1"}],"replies":[{"embeddable":true,"href":"https:\/\/sfecag.org\/index.php\/wp-json\/wp\/v2\/comments?post=865"}],"version-history":[{"count":32,"href":"https:\/\/sfecag.org\/index.php\/wp-json\/wp\/v2\/pages\/865\/revisions"}],"predecessor-version":[{"id":3287,"href":"https:\/\/sfecag.org\/index.php\/wp-json\/wp\/v2\/pages\/865\/revisions\/3287"}],"wp:attachment":[{"href":"https:\/\/sfecag.org\/index.php\/wp-json\/wp\/v2\/media?parent=865"}],"curies":[{"name":"wp","href":"https:\/\/api.w.org\/{rel}","templated":true}]}}