{"id":964,"date":"2019-08-10T10:08:18","date_gmt":"2019-08-10T08:08:18","guid":{"rendered":"http:\/\/sfecag.org\/?page_id=964"},"modified":"2019-08-10T10:08:18","modified_gmt":"2019-08-10T08:08:18","slug":"recueil-des-ateliers-de-potiers","status":"publish","type":"page","link":"https:\/\/sfecag.org\/index.php\/recueil-des-ateliers-de-potiers\/","title":{"rendered":"RECUEIL DES ATELIERS DE POTIERS"},"content":{"rendered":"<p style=\"text-align: justify;\"><span style=\"font-family: georgia, palatino, serif; font-size: 16px;\"> <a href=\"http:\/\/127.0.0.1\/wordpress\/wp-content\/uploads\/2021\/12\/tourorange.gif\"><img loading=\"lazy\" decoding=\"async\" class=\"alignleft size-full wp-image-2195\" src=\"http:\/\/sfecag.org\/wp-content\/uploads\/2021\/12\/tourorange.gif\" alt=\"\" width=\"113\" height=\"118\" \/><\/a>La SFECAG a initi\u00e9 en 2002 un inventaire des ateliers de potiers de Gaule et de Germanie (RAPACT). Il s\u2019agissait, pour chaque auteur concern\u00e9 par la d\u00e9couverte ou la connaissance de ce type d\u2019installation, de constituer une ou plusieurs fiches documentaires en respectant une normalisation minimum. Les notices \u00e9dit\u00e9es par la SFECAG ont valeur de r\u00e9f\u00e9rences bibliographiques <br \/>\nCette enqu\u00eate et la constitution progressive du Recueil reposaient\u00a0 donc sur la participation et la bonne volont\u00e9 de chacun, le but affich\u00e9 \u00e9tant de rassembler \u00a0une documentation abondante, souvent issue d\u2019interventions arch\u00e9ologiques engag\u00e9s durant les trente ou quarante derni\u00e8res ann\u00e9es avec des donn\u00e9es plus ou moins bien connues et in\u00e9galement publi\u00e9es, qui restent dans l\u2019ombre de rapports de fouilles\/Dfs ou de travaux universitaires.<\/span><\/p>\n<p><span style=\"font-size: 16px;\"><strong>Pr\u00e9sentation du projet et mod\u00e8le de notice<br \/>\n<\/strong><\/span><\/p>\n<ul style=\"list-style-type: disc;\">\n<li><span style=\"font-size: 14px;\"> <a href=\"http:\/\/127.0.0.1\/wordpress\/wp-content\/uploads\/2021\/12\/recueil.pdf\">recueil<\/a> format PDF<\/span><\/li>\n<li><span style=\"font-size: 14px;\"><a href=\"http:\/\/127.0.0.1\/wordpress\/wp-content\/uploads\/2021\/12\/tele_receuil.rtf\">tele_recueil<\/a>, format Word<\/span><\/li>\n<li><span style=\"font-size: 14px;\">Mod\u00e8les de notice (format Word) <\/span><strong><span style=\"font-size: 14px;\">: <a href=\"http:\/\/127.0.0.1\/wordpress\/wp-content\/uploads\/2021\/12\/fiche_recueil.rtf\">fiche_recueil<\/a><\/span><\/strong><\/li>\n<\/ul>\n<p><strong><span style=\"font-size: 16px;\">Fiches r\u00e9dig\u00e9es<br \/>\n<\/span><\/strong><\/p>\n<ul>\n<li><a href=\"\/recueil\/PDF\/03-Lapalisse_lespres.pdf\">Lapalisse (Allier), Les Pr\u00e9s de la Grande Route<\/a><\/li>\n<li><a href=\"\/recueil\/PDF\/03-Lapalisse_mace.pdf\">Lapalisse (Allier), rue Jean Mac\u00e9<\/a><\/li>\n<li><a href=\"\/recueil\/PDF\/03-Romagnat.pdf\">Romagnat (Allier), Mar\u00e9chal<\/a><\/li>\n<li><a href=\"http:\/\/www.sfecag.free.fr\/recueil\/PDF\/13-Istres.pdf\">Istres (Bouches-du-Rh\u00f4ne)<\/a><\/li>\n<li><a href=\"http:\/\/www.sfecag.free.fr\/recueil\/PDF\/27-Authevernes.pdf\">Authevernes (Eure), Les Mureaux<\/a><\/li>\n<li><a href=\"http:\/\/www.sfecag.free.fr\/recueil\/PDF\/27-Evreux_Republique.pdf\">\u00c9vreux (Eure), Place de la R\u00e9publique<\/a><\/li>\n<li><a href=\"http:\/\/www.sfecag.free.fr\/recueil\/PDF\/27-Evreux_Roosevelt.pdf\">\u00c9vreux (Eure), 43-45, rue Franklin Roosevelt<\/a><\/li>\n<li><a href=\"http:\/\/www.sfecag.free.fr\/recueil\/PDF\/63-Clermont-Ferrand.pdf\">Clermont-Ferrand (Puy-de-D\u00f4me), Rue des Quatre Passeports<\/a><\/li>\n<li><a href=\"\/recueil\/PDF\/76-Incheville.pdf\" target=\"_blank\" rel=\"noopener\">Incheville (Seine-Maritime), Tri\u00e8ge du Quesne \u00e0 Leu (Ch\u00eane au Loup)<\/a><\/li>\n<li><a href=\"\/recueil\/PDF\/76-ND_Aliermont.pdf\">Notre-Dame d&rsquo;Aliermont (Seine-Maritime), \u00ab\u00a0les Champs Dubost\u00a0\u00bb ou \u00ab\u00a0Camp du Bos\u00a0\u00bb<\/a><\/li>\n<\/ul>\n<p>&nbsp;<\/p>\n<p>&nbsp;<\/p>\n<p>&nbsp;<\/p>\n","protected":false},"excerpt":{"rendered":"<p>La SFECAG a initi\u00e9 en 2002 un inventaire des ateliers de potiers de Gaule et de Germanie (RAPACT). Il s\u2019agissait, pour chaque auteur concern\u00e9 par la d\u00e9couverte ou la connaissance de ce type d\u2019installation, de constituer une ou plusieurs fiches documentaires en respectant une normalisation minimum. Les notices \u00e9dit\u00e9es par la SFECAG ont valeur de [&hellip;]<\/p>\n","protected":false},"author":1,"featured_media":0,"parent":0,"menu_order":0,"comment_status":"closed","ping_status":"closed","template":"","meta":{"footnotes":""},"class_list":["post-964","page","type-page","status-publish","hentry"],"_links":{"self":[{"href":"https:\/\/sfecag.org\/index.php\/wp-json\/wp\/v2\/pages\/964","targetHints":{"allow":["GET"]}}],"collection":[{"href":"https:\/\/sfecag.org\/index.php\/wp-json\/wp\/v2\/pages"}],"about":[{"href":"https:\/\/sfecag.org\/index.php\/wp-json\/wp\/v2\/types\/page"}],"author":[{"embeddable":true,"href":"https:\/\/sfecag.org\/index.php\/wp-json\/wp\/v2\/users\/1"}],"replies":[{"embeddable":true,"href":"https:\/\/sfecag.org\/index.php\/wp-json\/wp\/v2\/comments?post=964"}],"version-history":[{"count":0,"href":"https:\/\/sfecag.org\/index.php\/wp-json\/wp\/v2\/pages\/964\/revisions"}],"wp:attachment":[{"href":"https:\/\/sfecag.org\/index.php\/wp-json\/wp\/v2\/media?parent=964"}],"curies":[{"name":"wp","href":"https:\/\/api.w.org\/{rel}","templated":true}]}}